3 - 130*v**2 - 54*v - 210. Give q(-8).
94
Let q(x) = -1506*x + 28548. Give q(19).
-66
Let o(h) = -711*h - 7100. Give o(-10).
10
Let k(c) = -1046*c - 9301. Determine k(-9).
113
Let y(o) = -9*o**2 + 134*o + 136. Calculate y(-1).
-7
Let w(d) = 30*d + 1094. Give w(-43).
-196
Let q(m) = m**2 - 256*m - 3447. What is q(-13)?
50
Let k(a) = 38770*a + 271477. What is k(-7)?
87
Let u(q) = -q**3 - 68*q**2 + 51*q - 597. Determine u(-69).
645
Let t(m) = -m**3 - 95*m**2 - 970*m - 46882. Determine t(-90).
-82
Let b(h) = -h**3 - 48*h**2 - 445*h - 990. What is b(-6)?
168
Let q(d) = -2*d**2 - 3037*d + 156849. Give q(50).
-1
Let c(u) = 157380*u - 472138. Calculate c(3).
2
Let r(l) = 8*l**3 - 186*l**2 + 997*l + 623. Calculate r(10).
-7
Let j(t) = -2*t**2 + 7547*t + 758818. Determine j(-98).
4
Let s(j) = -j**3 - 12*j**2 + 226*j + 2541. What is s(-11)?
-66
Let v(g) = 2*g**3 - 123*g**2 + 903*g - 12. Determine v(53).
94
Let m(c) = -c**3 - 21*c**2 + 23*c - 55. Determine m(-23).
474
Let x(j) = 4535*j + 10359. What is x(-2)?
1289
Let k(p) = 2*p**3 - 34*p**2 + 173*p - 8. What is k(8)?
224
Let n(v) = -v**3 - 29*v**2 - 68*v - 2953. Give n(-30).
-13
Let p(u) = -18*u**2 - 415*u - 281. Calculate p(-22).
137
Let v(z) = 312*z - 50803. What is v(163)?
53
Let q(d) = d**3 - 11*d**2 + 67*d - 1520. Give q(15).
385
Let c(b) = 14*b**3 - 217*b**2 + 119*b - 1. Calculate c(15).
209
Let b(r) = 6*r**2 - 15965*r - 79803. Calculate b(-5).
172
Let f(n) = -4546*n + 27381. Calculate f(6).
105
Let f(x) = 99*x**2 - 986*x - 41. Calculate f(10).
-1
Let p(q) = -71614*q + 286451. Give p(4).
-5
Let k(n) = -1240*n + 12669. Give k(11).
-971
Let w(o) = 24*o**2 + 678*o + 787. Calculate w(-27).
-23
Let b(r) = -r**3 - 17*r**2 + 1718*r + 3486. Calculate b(-2).
-10
Let d(z) = -3281*z + 1141783. Determine d(348).
-5
Let n(f) = f**3 + 119*f**2 + 93*f - 2401. What is n(-118)?
549
Let b(w) = -6*w**3 + 30*w + 230. Give b(0).
230
Let o(i) = -4*i**2 - 217*i + 771. Determine o(-52).
1239
Let f(j) = 7*j**3 - 91*j**2 + 500. Determine f(0).
500
Let g(o) = -46*o - 1972. Calculate g(-36).
-316
Let p(b) = 12*b**2 - 12406*b - 39206. Give p(1037).
200
Let b(o) = -o**3 - 81*o**2 + 17526*o + 1556. What is b(98)?
-12
Let h(b) = -16648*b + 149646. Determine h(9).
-186
Let m(v) = -19*v**2 + 79*v + 89. Calculate m(5).
9
Let w(o) = 2770*o - 407433. Determine w(147).
-243
Let w(g) = -413*g - 105263. Calculate w(-255).
52
Let b(f) = f**2 - 314*f - 15714. Give b(364).
2486
Let z(x) = 4*x**3 - 203*x**2 - 10*x - 2038. Give z(51).
53
Let i(q) = -99*q**3 - 36730*q**2 - 355*q + 5934. Calculate i(-371).
-2
Let x(y) = -17*y**3 - 1474*y**2 + 488*y + 4604. Determine x(-87).
-7
Let a(w) = -1221*w**2 - 6113*w - 8. Determine a(-5).
32
Let n(x) = 86*x**2 + 5077*x + 180. Give n(-59).
3
Let p(a) = -60457*a - 1692792. Determine p(-28).
4
Let q(i) = -113*i**2 + 5166*i + 15489. Give q(-3).
-1026
Let b(t) = 688*t + 2420. Determine b(-3).
356
Let x(z) = 2*z**2 + 2557*z + 129900. Determine x(-53).
-3
Let p(y) = -1009*y - 109995. Give p(-109).
-14
Let i(r) = -21*r**2 + 38*r - 98. Give i(5).
-433
Let l(p) = -38*p**2 + 254*p - 26. Give l(8).
-426
Let u(g) = -6*g**3 + 433*g**2 - 72*g + 194. What is u(72)?
194
Let x(h) = 177609*h + 532938. What is x(-3)?
111
Let u(n) = -146*n + 23470. Calculate u(161).
-36
Let q(z) = -z**2 + 47430*z + 142310. Calculate q(-3).
11
Let o(w) = -w**3 - 458*w**2 - 10100*w - 2183. Give o(-23).
2
Let t(i) = 3*i**3 - 4*i**2 + 1013*i - 3056. Give t(3).
28
Let n(k) = 2574*k - 362931. Give n(141).
3
Let o(y) = 5*y**2 + 135*y - 334. What is o(-28)?
-194
Let z(d) = -30*d**3 - 5*d**2 + 2*d - 7. Calculate z(1).
-40
Let q(y) = 3754*y + 555550. Give q(-148).
-42
Let m(g) = -g**2 + 674*g - 62801. What is m(111)?
-308
Let j(z) = -2*z**3 + 234*z**2 + 464*z - 54254. What is j(117)?
34
Let w(n) = -11*n**2 + 559*n + 1277. What is w(53)?
5
Let t(k) = -k**3 + 40*k**2 - 202*k - 6. Calculate t(9).
687
Let c(b) = 11*b**2 - 421*b - 159. Calculate c(39).
153
Let m(r) = 535*r + 49757. Calculate m(-93).
2
Let d(h) = -7*h**3 - 2*h**2 + 27*h - 66. Determine d(4).
-438
Let f(t) = t**3 - 36*t**2 - 202*t - 52. What is f(41)?
71
Let i(t) = 285321*t + 2282573. What is i(-8)?
5
Let h(z) = -94446*z - 188898. Give h(-2).
-6
Let w(f) = -f**2 + 77823*f - 155645. What is w(2)?
-3
Let o(m) = -14110*m - 158266. What is o(-11)?
-3056
Let k(o) = -o**3 + 21*o**2 - 74*o + 9888. Give k(29).
1014
Let h(j) = -121*j + 10620. What is h(86)?
214
Let q(m) = -20*m**3 - 323*m**2 - 24*m - 17. Give q(-16).
-401
Let l(k) = k**2 - 2078*k + 132785. Calculate l(66).
-7
Let r(i) = 3631*i + 26629. Determine r(-7).
1212
Let j(v) = 34*v**2 - 14345*v - 1194. Calculate j(422).
72
Let c(j) = -3*j**3 - 90*j**2 + 36*j - 985. Calculate c(-30).
-2065
Let t(a) = 118*a + 23631. Calculate t(-193).
857
Let l(w) = 128*w + 7433. What is l(-58)?
9
Let b(k) = -105*k - 50412. What is b(-479)?
-117
Let c(u) = -23*u**2 - 125*u + 1464. What is c(11)?
-2694
Let g(s) = -12*s**2 - 688*s + 131833. What is g(80)?
-7
Let w(y) = -11949*y + 955922. What is w(80)?
2
Let k(q) = -37624*q - 188154. Determine k(-5).
-34
Let t(s) = 4*s**2 - 597*s - 130804. Give t(-121).
-3
Let g(x) = 301*x - 56538. Determine g(188).
50
Let j(s) = s**3 - 55*s**2 - 110*s + 260. Calculate j(57).
488
Let p(w) = 5164*w + 19665. Determine p(-4).
-991
Let g(n) = 2969*n + 33221. Calculate g(-11).
562
Let t(v) = -1577*v + 31521. What is t(20)?
-19
Let o(x) = 6*x**3 + 51*x**2 + 111*x + 57. Calculate o(-11).
-2979
Let s(y) = -48*y - 1702. Give s(-48).
602
Let l(v) = -27*v**2 + 1269*v - 37. Determine l(47).
-37
Let f(j) = -644*j + 22999. Calculate f(35).
459
Let i(a) = 5457*a - 196745. Calculate i(36).
-293
Let n(y) = -6822*y + 47581. Calculate n(7).
-173
Let o(d) = -5*d**3 + 473*d**2 - 250*d + 153. Calculate o(94).
3161
Let b(u) = 43152*u - 474660. Give b(11).
12
Let p(c) = 10*c**2 + 162*c + 635. Calculate p(-21).
1643
Let n(x) = 978*x - 21545. Give n(22).
-29
Let s(g) = -75924*g + 1442567. Determine s(19).
11
Let s(a) = -a**3 + 304*a**2 - 6371*a + 3675. Calculate s(22).
1
Let u(v) = -16146*v + 177600. What is u(11)?
-6
Let z(m) = -337*m - 6141. What is z(-19)?
262
Let w(s) = -2*s**3 - 18*s**2 - 661*s - 3509. Calculate w(-6).
241
Let w(z) = -2*z**2 + 55*z - 326. What is w(18)?
16
Let a(y) = -14386*y + 14160. What is a(1)?
-226
Let s(m) = 3*m**2 + 1707*m - 61455. What is s(34)?
51
Let d(u) = 256*u**2 + 8936*u - 833. Give d(-35).
7
Let h(v) = -v**3 - 27*v**2 - 314*v - 2738. Determine h(-18).
-2
Let r(t) = t**3 - 603*t**2 - 37625*t - 300. Calculate r(-57).
-15
Let n(j) = 105*j**3 - 5146*j**2 + 49*j + 175. Calculate n(49).
175
Let n(i) = -4*i**3 - 29*i**2 - 3345*i - 16518. Determine n(-5).
-18
Let h(z) = 2*z**3 - 46*z**2 + 22*z + 483. Give h(22).
-1
Let q(d) = -3*d**2 + 759*d - 218. Calculate q(254).
-980
Let a(r) = -r**2 + 871*r - 169834. Calculate a(576).
86
Let h(j) = -j**2 - 39*j + 2404. What is h(26)?
714
Let b(h) = 2*h**3 - 52*h**2 + 807*h - 9321. Calculate b(18).
21
Let o(z) = 3*z**3 - 2580*z**2 - 2359*z - 192879. What is o(861)?
-15
Let z(n) = 24*n**2 + 554*n + 76. Determine z(-23).
30
Let r(a) = a**3 + 18*a**2 + 3817*a + 53136. What is r(-14)?
482
Let r(i) = -3943*i - 824120. Determine r(-209).
-33
Let i(v) = 5*v**2 + 368*v - 727. Calculate i(-76).
185
Let t(l) = 1102*l - 2346. Give t(0).
-2346
Let z(q) = -q**3 - 130*q**2 - 4237*q - 1316. What is z(-62)?
-14
Let r(z) = 1627*z - 3667. Calculate r(2).
-413
Let m(n) = -550*n + 106188. Determine m(193).
38
Let f(k) = -11*k**2 - 346*k - 1323. Give f(-27).
0
Let l(c) = -4*c + 294. What is l(209)?
-542
Let t(n) = -2491*n**2 - 15*n - 10. What is t(0)?
-10
Let v(q) = -96808*q + 774462. Calculate v(8).
-2
Let n(u) = -296*u**3 + 13*u**2 + 113*u - 287. What is n(2)?
-2377
Let l(y) = 7*y**3 + 101*y**2 + 177*y + 2046. Determine l(-14).
156
Let x(p) = 2*p**3 - 489*p**2 - 825*p + 142087. Calculate x(245).
-13
Let l(w) = 8757*w + 621735. Determine l(-71).
-12
Let n(k) = 13882*k + 305307. Give n(-22).
-97
Let h(w) = 2*w**3 + 78*w**2 + 43*w + 161. Calculate h(-38).
1415
Let a(g) = -3*g**3 - 100*g**2 - 9718*g - 319598. What is a(-33)?
7
Let d(l) = 2*l**3 + 61*l**2 + 168*l - 3835. What is d(-25)?
-1160
Let c(q) = 6*q**2 - 1657*q + 3304. Give c(2).
14
Let o(j) = -129*j + 6642. What is o(48)?
450
Let x(y) = -y**2 - 439*